12
Let n = -3360 - -4143. Calculate the greatest common factor of 27 and n.
27
Suppose -262*l + 494*l - 275*l = -516. Let z(b) = -8*b + 1. Let m be z(-3). Suppose -83 = -x + m. Calculate the greatest common divisor of x and l.
12
Let g(c) = 3*c**3 - 43*c**2 - 33*c + 15. Let v be g(15). Let b be 4/v - 17918/(-510) - 5. Calculate the greatest common factor of 930 and b.
30
Suppose 925 = 9*i - 426 - 521. Calculate the greatest common factor of i and 608.
16
Let j(c) = 2*c + 52. Let w be j(10). Let b = w - 106. Let v = b + 72. What is the highest common divisor of 57 and v?
19
Let f(m) = m**3 + 9*m**2 - 12. Let k be f(-11). Let n = 262 + k. What is the highest common factor of 64 and n?
8
Suppose 0 = -d + 11 + 20. Let y = 4677 + -4553. Calculate the highest common divisor of y and d.
31
Suppose -7*z - 43 + 36 = 0. Let w be 12/(-8)*(z + 5/15). Calculate the greatest common divisor of w and 2.
1
Suppose 12*z = 7*z - 10. Let j be 3*((-224)/(-12) - z). Suppose 0 = -4*l - 3*q + 360, -4*q + q = 5*l - 453. Calculate the greatest common factor of j and l.
31
Let n be ((-392)/(-9))/((-21)/((-378)/4)). What is the highest common divisor of 4172 and n?
28
Let r = 66 - 60. Suppose 38*w - 168 = -4*w. Calculate the highest common factor of r and w.
2
Suppose -56*s + 89*s - 280317 = -96*s. Calculate the greatest common factor of s and 205.
41
Suppose -1345*v = -1342*v - 12. Suppose n = -4*n - 25, v*n + 35 = 5*o. What is the greatest common divisor of 24 and o?
3
Let m = -108 + 101. Let r be 322/184 - (-2)/(1 - m). Let d(n) = n**3 + 6*n**2 - n - 3. Let a be d(-6). What is the greatest common factor of a and r?
1
Suppose 26*j + 2760 = 72*j. What is the highest common factor of 1788 and j?
12
Let i = 1912 + -1338. Calculate the highest common divisor of 154 and i.
14
Let q = 4616 + -4580. What is the greatest common divisor of 1710 and q?
18
Let v = 33 + -21. Let m(t) = -t**3 + 15*t**2 - 12*t + 48. Let p be m(v). Calculate the greatest common factor of 84 and p.
84
Let r(t) = 11*t**2 + 10*t - 5. Let z be r(-6). Let i = z + -299. What is the greatest common divisor of 208 and i?
16
Let g be 4 + 110/(-20) + 474/4. Calculate the highest common factor of 4251 and g.
39
Suppose 2 = d - 3. Suppose -d = 4*h - 17. Suppose -1885*z - 469 = 464*z - 2818. Calculate the greatest common factor of h and z.
1
Let t be (-6)/(-8) + (-11)/(-44) + 9. Suppose -t*x - 2321 + 2591 = 0. Calculate the highest common divisor of x and 891.
27
Let r = 250 - 50. Let b be (-1 - -42)/(15/60). Let w = b + -139. What is the highest common divisor of w and r?
25
Let t be 22*((-70)/(-700) + (-198)/(-20)). Calculate the greatest common divisor of t and 5225.
55
Let m(h) = 71*h - 953. Let c be m(15). What is the greatest common divisor of c and 1484?
28
Let x(q) = -5*q + 127. Let s be x(23). Let k(p) = 14*p - 3*p**2 - 3*p**2 - 6 + 5*p**2. Let h be k(s). Calculate the highest common divisor of 198 and h.
18
Suppose -3*d = 3*g - 555, -3*d + 343 = 5*g - 592. Suppose 2*i - 5*h - 80 = 97, 5*i = 5*h + 405. Calculate the highest common divisor of i and g.
38
Suppose -43 = -34*w + 59. Suppose -w*h + 31*r + 142 = 30*r, 5*h + 4*r - 248 = 0. What is the highest common divisor of 72 and h?
24
Let n be 486/(-6804) + 4622/28. Let m be (1 - (4 - 1))*-3. Let c(j) = 2*j + 3. Let a be c(m). Calculate the greatest common divisor of n and a.
15
Let a = -18030 - -18033. What is the highest common divisor of a and 5493?
3
Let w be (79/(-11) - -7) + 6 + (-65568)/(-44). What is the greatest common factor of 572 and w?
44
Suppose 665 = 73*v - 6191 - 2634. What is the greatest common divisor of v and 910?
130
Suppose -10*x + 61*x - 21*x = 90. Calculate the greatest common factor of x and 13.
1
Suppose -197*y = -193*y - 2*i - 162, 5*i - 75 = -2*y. What is the greatest common divisor of 6160 and y?
40
Let p(i) = -i**3 - 125*i**2 + 493*i + 327. Let w be p(-129). What is the highest common divisor of w and 244?
122
Suppose -2*b = 4*h - 2240, 2759 = 5*b - 2*h - 2889. What is the greatest common factor of b and 4?
4
Suppose 3*b - 31 = 14. Let r = -13668 - -13998. Calculate the highest common divisor of b and r.
15
Suppose -2*s = -2*j - 8, 0*s = -4*s - 3*j - 12. Suppose 4*o - 30 = -4*f + 6, s = -f + 2. What is the greatest common divisor of o and 119?
7
Let w(r) = -2*r**2 - r + 159. Let i be w(0). Let m = i - 119. Calculate the highest common factor of m and 5.
5
Suppose 12*p = -y + 13*p + 915, 0 = -5*p - 15. What is the highest common factor of y and 120?
24
Let g be 0*1/6*(-18)/6. Suppose -2*v + 118 + 154 = g. What is the highest common divisor of v and 34?
34
Let w be (-316 - 74)*(-3 + 2). What is the highest common factor of 5655 and w?
195
Let x be (2 - -17) + (1 - 4/2). Suppose -p + 85 = 3*t, 61 = 3*t - 10*p + 5*p. What is the greatest common factor of t and x?
9
Let b = -22500 + 23857. Calculate the greatest common factor of b and 295.
59
Let u be 1*2/7*7. Let x be 14 - u - (0 - -1). Suppose 44 = 10093*g - 10089*g. What is the greatest common factor of x and g?
11
Suppose -53*x - 67 = -34*x - 3430. What is the highest common divisor of 17169 and x?
177
Let i(t) = -t + 14. Let k be i(11). Suppose k*z = 2*h - 49, h - 22 = 3*z + z. Let m = h + 18. What is the greatest common factor of m and 4?
4
Suppose 8*r - 430 = 2. Let u = 191 + 241. What is the greatest common divisor of u and r?
54
Let r be (8/(-56))/(113/(-11074)). Suppose 83 = 2*f + 417. Let q = -13 - f. Calculate the greatest common factor of q and r.
14
Let m(g) = -778*g + 11172. Let z be m(14). Calculate the greatest common divisor of 2072 and z.
56
Let k be (-4 + (-32)/(-1))/((-2)/(-181)) - -8. What is the highest common divisor of 410 and k?
82
Let o = 6788 + -3518. Calculate the highest common factor of o and 10.
10
Suppose 2*h - 9 = 15. Suppose -8 = o + 3*y + y, -y - 11 = o. Let p be o/21 - (-400)/112. What is the highest common divisor of p and h?
3
Let q = -54 + 58. Suppose -2*k = q*k - 42. Calculate the highest common divisor of 21 and k.
7
Let i(g) = -2*g**2 + 39*g + 18. Suppose -3*p = -44 - 16. Let u be i(p). Let k be u/(-10) - 89*(-3)/15. What is the highest common factor of k and 126?
18
Let s be (-13)/(-4) + (-2)/8. Let u(g) = g**3 - g**2 - 27*g - 1. Let x be (-3)/2*408/153. Let q be u(x). Calculate the greatest common factor of q and s.
3
Let s(a) = 155*a + 1135. Let x(g) = 11*g + 81. Let j(w) = 6*s(w) - 85*x(w). Let t be j(-16). What is the highest common divisor of 5 and t?
5
Let x be 2*(21*(-5)/(-30) + -1). Suppose -5*g = -x*j + 35, 49 = 2*j + 5*g + 21. What is the highest common factor of j and 162?
9
Suppose 5*y - t + 5*t = 118, 5*y + 5*t - 120 = 0. Suppose 50 + 837 = 14*m - 653. Calculate the highest common divisor of m and y.
22
Let g be ((-16)/6)/(2/(-6)). Let v(z) = -12*z**2 + 6*z + 11. Let y be v(-2). Let m = 61 + y. Calculate the highest common divisor of g and m.
4
Suppose -26*c = -4*g - 27*c + 21845, 0 = 5*g - 3*c - 27285. Calculate the highest common factor of g and 65.
65
Let j be (-36)/81 + 17518/171. What is the highest common divisor of j and 17?
17
Let v be 80*((-148694)/56)/(-19). Calculate the highest common divisor of 20 and v.
20
Suppose -3*d - 4*i + 45 = -5*i, 4*d - 60 = 4*i. What is the greatest common factor of d and 699?
3
Let k(a) = -11*a**3 - a**2 + 4*a - 1. Let s be k(-3). Suppose -3*g - 3*v + 63 = 0, 5*g + 9*v = 5*v + 109. What is the highest common factor of g and s?
25
Let n(l) = 21*l + 37 - 2 - 1321*l**2 + l**3 + 1308*l**2. Let s be n(11). Calculate the greatest common divisor of 88 and s.
8
Let s(w) = -w + 3. Let o be s(1). Let m be (-1)/(-1)*(o - -2). Suppose x + a - 39 = -m*x, -a = 1. Calculate the greatest common factor of 8 and x.
8
Suppose 2*g + 47 = 3*k, 7*k = 6*k - 4*g - 3. Suppose -s = -37 - 67. What is the greatest common factor of k and s?
13
Let v = -532 + 528. Let b(s) = 4*s + 152. Let q be b(v). Let p(x) = -x**2 - 8*x + 5. Let w be p(-6). What is the greatest common factor of q and w?
17
Suppose 5*f - 14597 + 737 = 0. Suppose 18*u + 10*u = f. What is the highest common divisor of 55 and u?
11
Suppose 12*q - 1098 = 6*q. Let w = q - 149. What is the greatest common divisor of w and 119?
17
Let r(o) = o**3 - 5*o**2 - o - 10. Let z be r(6). Let t(q) = -5*q**2 + 31*q - 13. Let i be t(3). What is the highest com